120)/16?
9
Let j be (-1)/(-1) + (0 - 1). Suppose 5*f - 10 = 0, 3*m = 2*f - 2 + 1. Calculate the remainder when -1*m*(-23 + j) is divided by 8.
7
Let n be (-4)/(-22) - 60/(-33). Suppose n*t - 6 - 4 = 0. Calculate the remainder when 8 is divided by t.
3
Let u(i) = i**3 + 19*i**2 - 22*i - 17. Calculate the remainder when 159 is divided by u(-20).
21
Let s(w) = -w - 6. Suppose 4*z + 21 + 11 = 0. Calculate the remainder when 4 is divided by s(z).
0
What is the remainder when (-15)/2*168/(-18) is divided by 24?
22
Let a(l) = -l**3 + 2*l + 72. What is the remainder when a(0) is divided by 19?
15
Suppose -r = 4*o - 28, -38 = -r + o - 10. What is the remainder when 109 is divided by r?
25
Let p be 2/(-3)*18/(-4). Suppose 0*a + 14 = -p*f + 4*a, 0 = -3*f + 5*a - 16. Let y(l) = 4*l**2 + 3*l + 2. Calculate the remainder when 22 is divided by y(f).
10
Let h = 2 + 1. Let b = h - 2. Suppose -2*p - b + 3 = 0. What is the remainder when 1 is divided by p?
0
Let k = 12 - 8. Let d = 20 - k. What is the remainder when 61 is divided by d?
13
Let g(b) = 2*b**2 + 3*b - 15. Calculate the remainder when g(7) is divided by 27.
23
Calculate the remainder when 36 - (-3 - (-3 - 1)) is divided by 9.
8
Let o = 96 - 91. Calculate the remainder when 33 is divided by o.
3
Let n = -371 + 381. Let v(g) = g**2 - 6*g + 4. Calculate the remainder when n is divided by v(6).
2
Suppose 34 = j + q, 121 = 3*j + 4*q + 15. Calculate the remainder when j is divided by 16.
14
Let h = -1 - -4. Suppose -6*l = -h*l - 42. Let o(a) = -a**3 - 15*a**2 - 27*a - 9. What is the remainder when l is divided by o(-13)?
2
Let t = -23 - -27. Calculate the remainder when 4 is divided by t.
0
Suppose 68 = -3*b + 218. Let l(x) be the third derivative of -x**4/4 - 7*x**3/6 + 2*x**2. Calculate the remainder when b is divided by l(-4).
16
Suppose -32 = -5*d - 2*p, 2*d = -0*d - 5*p - 4. What is the remainder when 37 is divided by d?
5
Suppose -2*w + 4 = -0. Suppose 3*b - b + 4*q = 80, 0 = w*b + q - 71. What is the remainder when b is divided by 9?
7
Let y be (-2)/((-1)/(44/8)). Suppose y*d - 35 = 10*d. Calculate the remainder when d is divided by 12.
11
Suppose 0 = -z - 14 + 17. What is the remainder when 19 is divided by z?
1
Suppose -5*s = -5*a - 26 - 19, -s + 3 = 2*a. Calculate the remainder when 34 is divided by s.
6
Let s(a) be the first derivative of a**3 + 3*a**2/2 - 1. Let g be s(-3). Calculate the remainder when g/15*(-200)/(-6) is divided by 14.
12
Let h(v) = -v**3 + v**2 + 5*v + 2. Calculate the remainder when 27 is divided by h(-2).
3
What is the remainder when (5/15)/((-2)/(-114)) is divided by 5?
4
What is the remainder when 16 is divided by (-1 - 1)/((-12)/66)?
5
What is the remainder when (-8)/(-14) - (387/(-21) + 2) is divided by 2?
1
Suppose -b - 2 = -4. Suppose 27 + 29 = -b*l. What is the remainder when 7/l + 181/4 is divided by 23?
22
What is the remainder when 81 is divided by 69/5 + (-3)/(-15)?
11
Suppose -k = 4 - 8. Suppose 3*o - k*s - 31 - 21 = 0, 0 = -2*o + 5*s + 37. What is the remainder when 47 is divided by o?
15
Suppose 2*u - 12 + 2 = -5*v, -4*v = -3*u + 61. Let z = u + -7. Let k(l) = 23*l**3 - 2*l**2 + 1. Calculate the remainder when k(1) is divided by z.
6
What is the remainder when 2 + (20/1)/(-4) + 85 is divided by 42?
40
Suppose -5*l = -g - 79 + 16, -5*l = 5*g - 45. Calculate the remainder when 179/4 + (-2)/(-8) is divided by l.
9
Let z(o) = -o**3 + 12*o**2 - 11*o + 9. What is the remainder when z(11) is divided by 6?
3
Let b(d) = 14*d**2 - d. Calculate the remainder when b(-1) is divided by 4.
3
Let v(q) = 3*q + 77. Calculate the remainder when v(-17) is divided by 16.
10
Let s be 0 + 0*(-3)/9. Suppose 4*h = -2*c - c + 14, s = -h + c. Suppose -2*x + 15 = 5*i, 3*x - 2*x - 1 = 4*i. Calculate the remainder when x is divided by h.
1
Calculate the remainder when 16/(-6)*(-1 + (-43)/2) is divided by 31.
29
Suppose 4*a = -2*t + 7*t - 20, 0 = -3*t + 5*a - 1. What is the remainder when 27 is divided by t?
3
What is the remainder when 56 is divided by 6/2*19/3?
18
Let d = -80 - -113. What is the remainder when d is divided by 18?
15
Let i(y) = -2*y**2 + 7 + y**3 + 13 + 1. Calculate the remainder when (82/(-6))/(2/(-6)) is divided by i(0).
20
Suppose 3*m + 5*t - 13 = 0, -t = -0*m + m - 5. Let v(s) = s**3 + 8*s**2 - 11*s - 9. What is the remainder when v(-9) is divided by m?
3
Let w = 3 + 6. Let v(x) = 27*x**2 - 2*x + 1. Calculate the remainder when v(1) is divided by w.
8
Let v = -10 - -8. Let x = v + 8. Let n(b) = -b**2 + 7*b + 5. What is the remainder when n(6) is divided by x?
5
Let y = -6 + 5. Calculate the remainder when (33/(-3))/(y/5) is divided by 14.
13
Let z be (-2)/8 + 5/4. Suppose 0 = -3*g - 4*w - 66, -2*g = 2*w + 2 + 42. Let v = z - g. What is the remainder when v is divided by 8?
7
Suppose 3*j = -l + 17, -37 = -7*l + 2*l - 3*j. Suppose -l - 80 = -5*f. What is the remainder when f is divided by 5?
2
Suppose -4*x + 3*d + 354 = 2*d, 10 = 5*d. Suppose 3*c + x = 5*z - c, 0 = 2*c + 2. Let b = 48 - -1. What is the remainder when b is divided by z?
15
Let z(s) = -6*s**2 - s - 2. Let t be z(3). Let n(j) = 19*j - 9. Let a be n(-4). Let i = t - a. What is the remainder when i is divided by 14?
12
Let m(u) = -3*u**2 - 2*u + 4. Let t be m(-5). Let d be t/2*-2 - 1. Calculate the remainder when (d/14)/((-3)/(-21)) is divided by 16.
14
Suppose 3*d - 6 = 0, 3*c + 7*d - 5*d = 37. Calculate the remainder when (-2 + (34 - 1))/1 is divided by c.
9
Let t be (-4)/18 + (-4)/(-18). Suppose -h = 5*f - 2 - 0, 3*f + 3 = t. What is the remainder when 13 is divided by h?
6
Suppose 0 = x - 5*x + 44. Calculate the remainder when x is divided by 4.
3
Suppose -49 = 3*u - 220. Calculate the remainder when u is divided by 15.
12
Suppose 0 = -2*o + 4*o - 10. Let c = 15 + -8. What is the remainder when c is divided by o?
2
Suppose r = 2*p + 10, 5*r + 2*p - p - 17 = 0. Suppose 0 = 3*m - 2*i + 23 - 118, -4*m = r*i - 100. Calculate the remainder when m is divided by 15.
14
Let b = -99 + 114. Calculate the remainder when b is divided by 7.
1
Let l be (-327)/(-9) + (-1)/3. Let r = -24 + l. What is the remainder when 23 is divided by r?
11
Let b(o) = o**2 + 3. Suppose q - 3*j = 54, 31 - 301 = -5*q - 4*j. What is the remainder when q is divided by b(-4)?
16
Let s(y) = -y**2 + 10*y - 7. Let t be s(9). Suppose -t*i + 2*x + 53 = -39, -x = 1. Calculate the remainder when i is divided by 16.
13
Suppose 2*d - 34 = 16. Suppose 0 = u - 6*u - d. Let p = 0 - u. Calculate the remainder when p is divided by 2.
1
Let f be (1 + -6)*(-2)/2. Suppose -3*l = 2*j - f*j, 4*l - 3 = j. Calculate the remainder when 2 is divided by j.
0
Suppose 1 = -5*w + 11. Suppose -w*k + 3 = -39. What is the remainder when 62 is divided by k?
20
What is the remainder when 89 is divided by 3/12 - 123/(-4)?
27
Let s = 4 - -27. Calculate the remainder when s is divided by 8.
7
Let l(g) = g**2 - g + 5. Let j(b) = -b**3 + 4*b**2 + 7*b - 8. What is the remainder when l(0) is divided by j(5)?
1
Let m = 44 + -46. Suppose d - 5*d = -4, -4*q = -2*d - 2. Calculate the remainder when 6 - (2 - q - m) is divided by 2.
1
Suppose 0 = -3*b + 9 - 0. Calculate the remainder when (-38)/b*9/(-6) is divided by 7.
5
Let r = 103 - 35. What is the remainder when r is divided by 35?
33
Let s(j) = 4*j**2 + 5*j + 3. What is the remainder when s(-4) is divided by 25?
22
Let w = 1 - 0. Let r = w - 1. Calculate the remainder when 69*(r - 2/(-6)) is divided by 8.
7
Suppose -7*b + 3*p + 42 = -2*b, -3*b + 5*p + 22 = 0. What is the remainder when (-1)/(-1) - (-165)/11 is divided by b?
7
Let n(m) = -m**3 + 7*m**2 + 7*m + 4. Let s(a) = -a**3 + 15*a**2 + a - 8. Let h be s(15). Calculate the remainder when n(h) is divided by 18.
17
Suppose -3*i + 2*f = -2 - 4, 3*f = -4*i + 8. What is the remainder when -1*9/6*-2 is divided by i?
1
Let r be 1 - ((-4)/2 + 0). Let x(l) = r*l + 0 + 10*l**2 + 1 - 2*l. What is the remainder when 29 is divided by x(-1)?
9
Suppose 5*r - 6 + 67 = 2*l, 0 = -2*l - r + 55. What is the remainder when 52 is divided by l?
24
Let f(x) = x**3 - 7*x**2 + 6*x + 6. Suppose 24 = 7*j - 3*j. Let k = -3 + 7. What is the remainder when f(j) is divided by k?
2
Suppose -3 = -4*h - 4*s + 1, 3*h = 5*s - 29. Let l be 1*h*44/6. What is the remainder when 1 is divided by 4/22 - 18/l?
0
Le